d by 23?
19
What is the remainder when 92 is divided by 11?
4
What is the remainder when 466 is divided by 13?
11
Calculate the remainder when 1046 is divided by 8.
6
Calculate the remainder when 833 is divided by 76.
73
What is the remainder when 391 is divided by 36?
31
Calculate the remainder when 73 is divided by 33.
7
What is the remainder when 116 is divided by 63?
53
What is the remainder when 151 is divided by 32?
23
Calculate the remainder when 624 is divided by 288.
48
What is the remainder when 13386 is divided by 13?
9
Calculate the remainder when 503 is divided by 72.
71
What is the remainder when 245 is divided by 68?
41
Calculate the remainder when 234 is divided by 60.
54
Calculate the remainder when 1600 is divided by 38.
4
Calculate the remainder when 36 is divided by 4.
0
Calculate the remainder when 2518 is divided by 8.
6
Calculate the remainder when 23 is divided by 12.
11
What is the remainder when 244 is divided by 144?
100
Calculate the remainder when 387 is divided by 41.
18
What is the remainder when 74 is divided by 17?
6
Calculate the remainder when 406 is divided by 194.
18
Calculate the remainder when 73 is divided by 19.
16
What is the remainder when 400 is divided by 217?
183
Calculate the remainder when 48 is divided by 42.
6
What is the remainder when 554 is divided by 75?
29
Calculate the remainder when 343 is divided by 26.
5
What is the remainder when 958 is divided by 7?
6
What is the remainder when 106 is divided by 36?
34
What is the remainder when 35 is divided by 13?
9
What is the remainder when 52 is divided by 44?
8
Calculate the remainder when 129 is divided by 19.
15
What is the remainder when 33 is divided by 23?
10
Calculate the remainder when 7391 is divided by 87.
83
Calculate the remainder when 592 is divided by 151.
139
What is the remainder when 447 is divided by 439?
8
What is the remainder when 242 is divided by 62?
56
Calculate the remainder when 84 is divided by 32.
20
What is the remainder when 13 is divided by 10?
3
Calculate the remainder when 3212 is divided by 63.
62
Calculate the remainder when 1077 is divided by 33.
21
What is the remainder when 1593 is divided by 143?
20
Calculate the remainder when 832 is divided by 19.
15
What is the remainder when 1853 is divided by 23?
13
What is the remainder when 13206 is divided by 111?
108
Calculate the remainder when 40 is divided by 7.
5
What is the remainder when 394 is divided by 153?
88
What is the remainder when 261 is divided by 26?
1
Calculate the remainder when 1331 is divided by 103.
95
What is the remainder when 369 is divided by 37?
36
What is the remainder when 51 is divided by 15?
6
What is the remainder when 90 is divided by 34?
22
What is the remainder when 1246 is divided by 16?
14
What is the remainder when 98 is divided by 76?
22
Calculate the remainder when 96 is divided by 30.
6
Calculate the remainder when 294 is divided by 82.
48
Calculate the remainder when 1476 is divided by 160.
36
What is the remainder when 335 is divided by 14?
13
What is the remainder when 43 is divided by 32?
11
Calculate the remainder when 587 is divided by 2.
1
Calculate the remainder when 505 is divided by 51.
46
What is the remainder when 1412 is divided by 299?
216
Calculate the remainder when 891 is divided by 19.
17
What is the remainder when 53122 is divided by 202?
198
What is the remainder when 750 is divided by 16?
14
What is the remainder when 125 is divided by 34?
23
What is the remainder when 10 is divided by 3?
1
What is the remainder when 126 is divided by 16?
14
What is the remainder when 2156 is divided by 108?
104
What is the remainder when 133 is divided by 21?
7
Calculate the remainder when 1256 is divided by 30.
26
Calculate the remainder when 130 is divided by 22.
20
What is the remainder when 1708 is divided by 36?
16
What is the remainder when 40 is divided by 26?
14
Calculate the remainder when 85 is divided by 29.
27
Calculate the remainder when 316 is divided by 20.
16
What is the remainder when 646 is divided by 13?
9
Calculate the remainder when 541 is divided by 32.
29
What is the remainder when 121 is divided by 18?
13
Calculate the remainder when 169 is divided by 89.
80
Calculate the remainder when 307 is divided by 7.
6
What is the remainder when 95 is divided by 9?
5
Calculate the remainder when 966 is divided by 3.
0
What is the remainder when 188 is divided by 108?
80
Calculate the remainder when 8642 is divided by 720.
2
What is the remainder when 331 is divided by 278?
53
What is the remainder when 895 is divided by 31?
27
What is the remainder when 14704 is divided by 9?
7
What is the remainder when 3650 is divided by 58?
54
What is the remainder when 1596 is divided by 94?
92
Calculate the remainder when 781 is divided by 98.
95
Calculate the remainder when 3000 is divided by 91.
88
Calculate the remainder when 12321 is divided by 26.
23
What is the remainder when 339 is divided by 30?
9
What is the remainder when 139 is divided by 5?
4
What is the remainder when 69 is divided by 22?
3
Calculate the remainder when 101 is divided by 55.
46
What is the remainder when 114 is divided by 23?
22
Calculate the remainder when 191 is divided by 67.
57
Calculate the remainder when 65 is divided by 28.
9
Calculate the remainder when 955 is divided by 924.
31
Calculate the remainder when 124 is divided by 78.
46
Calculate the remainder when 14718 is divided by 21.
18
What is the remainder when 611 is divided by 27?
17
Calculate the remainder when 117 is divided by 51.
15
Calculate the remainder when 78 is divided by 55.
23
What is the remainder when 929 is divided by 31?
30
Calculate the remainder when 3073 is divided by 106.
105
What is the remainder when 243 is divided by 49?
47
What is the remainder when 9797 is divided by 138?
137
What is the remainder when 204 is divided by 14?
8
What is the remainder when 376 is divided by 28?
12
What is the remainder when 402 is divided by 386?
16
Calculate the remainder when 474 is divided by 28.
26
What is the remainder when 139 is divided by 48?
43
Calculate the remainder when 752 is divided by 76.
68
What is the remainder when 1277 is divided by 183?
179
Calculate the remainder when 306 is divided by 17.
0
Calculate the remainder when 91 is divided by 45.
1
Calculate the remainder when 121 is divided by 121.
0
What is the remainder when 798 is divided by 167?
130
What is the remainder when 10053 is divided by 4?
1
Calculate the remainder when 10042 is divided by 279.
277
Calculate the remainder when 1989 is divided by 115.
34
Calculate the remainder when 348 is divided by 27.
24
What is the remainder when 553 is divided by 272?
9
What is the remainder when 344 is divided by 25?
19
Calculate the remainder when 47 is divided by 22.
3
What is the remainder when 6675 is divided by 23?
5
Calculate the remainder when 10232 is divided by 27.
26
What is the remainder when 3488 is divided by 12?
8
What is the remainder when 1010 is divided by 41?
26
What is the remainder when 354 is divided by 5?
4
What is the remainder when 2681 is divided by 1327?
27
Calculate the remainder when 49 is divided by 19.
11
What is the remainder when 136 is divided by 3?
1
Calculate the remainder when 124 is divided by 113.
11
Calculate the remainder when 401 is divided by 128.
17
Calculate the remainder when 122 is divided by 39.
5
What is the remainder when 1262 is divided by 11?
8
What is the remainder when 11701 is divided by 5847?
7
Calculate the remainder when 56 is divided by 20.
16
What is the remainder when 320 is divided by 36?
32
Calculate the remainder when 218 is divided by 22.
20
What is the remainder when 239 is divided by 48?
47
Calculate the remainder when 348 is divided by 71.
64
What is the remainder when 19176 is divided by 86?
84
Calculate the remainder when 30 is divided by 24.
6
Calculate the remainder when 53105 is divided by 284.
281
What is the remainder when 2231 is divided by 36?
35
Calculate the remainder when 2909 is divided by 409.
46
What is the remainder when 298 is divided by 67?
30
What is the remainder when 1357 is divided by 68?
65
What is the remainder when 742 is divided by 24?
22
What is the remainder when 59 is divided by 8?
3
Calculate the remainder 